ppose -z + u + 5 = 0. Suppose -2 + 14 = 3*h, j - 22 = -z*h. What are the prime factors of j?
2
Let s be 4/(-6)*1*3. What are the prime factors of (-15)/(-2 - -1) + s?
13
Let t = -4 + -1. List the prime factors of -2 + -1 - 3*t.
2, 3
Let d(p) = -p**3 - 18*p**2 - 16*p + 38. List the prime factors of d(-17).
3, 7
Let u(v) = 17*v - 13. What are the prime factors of u(6)?
89
Let k be (-2 - 0)/(2/3). What are the prime factors of (-10)/(-4)*(-12)/k?
2, 5
Let n be (48/9)/((-1)/3). Let o = -14 - n. List the prime factors of o.
2
Let k = 188 + -113. What are the prime factors of k?
3, 5
Suppose 0 = -3*h + 7*h - 728. List the prime factors of h.
2, 7, 13
Suppose -h = 5*y + 2 - 58, 212 = 3*h + 4*y. What are the prime factors of h?
2, 19
Let u(w) = -w - 4. Let x be u(-7). Let d = x + 1. List the prime factors of (5/2)/(d/24).
3, 5
Let k(u) = u**3 - 10*u**2 + 6*u + 7. List the prime factors of k(10).
67
Let f be 13/1 - (-6 + 4). Suppose -3*y + 2*a + f = -a, -3*a = y - 5. List the prime factors of y.
5
Let t = 5 + -3. Let p be t/8 - (-590)/8. List the prime factors of (-2)/6 + p/6.
2, 3
Let u(i) = -i**3 + 6*i**2 - i + 3. Let j be u(6). Let x = j + 6. Suppose -4*r = -x*q + 23, 2*r - 31 = -5*q + 5*r. List the prime factors of q.
5
Suppose 0 = -8*z + 7*z + 11. List the prime factors of z.
11
Let a = -2 - -6. Suppose 4*y + 70 = -2*u, 0*u - 5*u + 49 = -a*y. What are the prime factors of y/(-10)*(-5)/(-2)?
2
Suppose -12 = -2*d + 6*d. Let t = 8 + d. List the prime factors of t.
5
Let c be 9/2*4/6. Suppose 6*i - c*i - 57 = 0. What are the prime factors of i?
19
Let a = 540 + -293. What are the prime factors of a?
13, 19
Suppose 5*q = -0*q. Suppose -5*k + q*k = -150. What are the prime factors of k?
2, 3, 5
Let m(a) = 5*a - 7*a - 7 + 1. What are the prime factors of m(-4)?
2
Let n = 11 + -22. Let a = -16 - n. What are the prime factors of (-18)/a + (-3)/5?
3
Suppose 0 = -3*h + 1 - 10. List the prime factors of (3/2)/(h/(-12)).
2, 3
Suppose 8 = 3*g - r - 6, 27 = 5*g + 2*r. Let o(i) = -5 + 2 - g + i. What are the prime factors of o(10)?
2
Let q be -3 + -1 + 2 - -7. Suppose -4*l + 4 = f, -4*l - 2*f + 2 = -2. Suppose -l - q = -s. What are the prime factors of s?
2, 3
Let j(y) = -y**2 + 4*y + 2. Let q be j(4). Suppose 0 = -q*f - f + 27. List the prime factors of f.
3
Let d(k) be the third derivative of k**5/30 + 3*k**4/8 - k**3 + k**2. What are the prime factors of d(-7)?
29
Let x(n) = 17*n + 5. What are the prime factors of x(3)?
2, 7
Suppose 0 = -4*f + 63 + 77. What are the prime factors of f?
5, 7
Let c(w) = 10*w**3 - w**2 - w + 1. Let v be c(1). What are the prime factors of (-3 + v)/2*9?
3
Suppose -4*d = 7 + 1. List the prime factors of d/5 - 182/(-5).
2, 3
Let y(t) = 2*t + 17. List the prime factors of y(20).
3, 19
Let y(j) = -55*j + 2. List the prime factors of y(-2).
2, 7
Let x be 12/(-9) + (-1)/(-3). Suppose 2*g - 4 = -5*h + 7, -4*g - 2*h = -14. List the prime factors of g + x/1 - -1.
3
Let h = -2 - 27. Let v = 50 + h. List the prime factors of v.
3, 7
Let w = 6 + -1. Suppose -27 - 48 = -w*f. What are the prime factors of f?
3, 5
Let i(k) = 2*k + 6. What are the prime factors of i(4)?
2, 7
Let w be (-6)/(-2) + (84 - -1). Let h = -62 + w. What are the prime factors of h?
2, 13
Suppose -3*q + 2 = -4*q. Let n be (q/(-4))/((-2)/(-52)). Suppose -2*f + n = y + 1, 5*y + 10 = 4*f. List the prime factors of f.
5
Suppose 5*h - 12 = h. Suppose -3*x + y + 8 = -7, 2*x = h*y + 17. Suppose 2*c + 1 = -5*s - x, -3*c = s - 12. List the prime factors of c.
5
Suppose -5*b + 35 = -30. What are the prime factors of b?
13
Let q = -153 - -287. Suppose -3*f = -5*f + 2*v + 68, -5*v - q = -4*f. List the prime factors of f.
2, 3
Let x(a) = -a**3 - 30*a**2 + 23*a + 28. List the prime factors of x(-31).
2, 3, 23
Let z(f) be the third derivative of f**5/20 - f**4/8 - f**3/3 + 6*f**2. What are the prime factors of z(4)?
2, 17
Let r(k) = k**3 - 2*k**2 + 8*k - 11. What are the prime factors of r(3)?
2, 11
Let w(u) = -1. Let f(l) = -l + 6. Let d(y) = f(y) + 6*w(y). Let j = -54 - -51. What are the prime factors of d(j)?
3
Suppose x + 3*x = 3*g - 53, -2*g + 36 = -2*x. What are the prime factors of g?
19
Suppose 4*m = 2*t - 54 + 22, 5*m = -2*t + 68. What are the prime factors of t?
2, 3
Let m = 17 - 8. Suppose r = -5*h + 3 + m, 2*h = 6. What are the prime factors of (-27)/r + (1 - 0)?
2, 5
Suppose 0 = -m + 3*l + 13, 3*m + 4*l = -m + 36. Let f be (12/10)/(3/m). Suppose -3*q + 3*r + r = -26, f*r + 24 = 2*q. List the prime factors of q.
2
Let z = 13 + -10. What are the prime factors of z?
3
Let f(s) = -s**2 - 14*s - 9. Let k be ((-45)/10)/((-6)/(-16)). What are the prime factors of f(k)?
3, 5
Let f = 215 - 101. List the prime factors of f.
2, 3, 19
Suppose 6*r = 252 + 708. What are the prime factors of r?
2, 5
Suppose 8*f - 4*f - 636 = 0. Suppose 0 = -t - t - 2*a + 70, -3*a = -5*t + f. What are the prime factors of t?
3, 11
Let h = 9 + -13. What are the prime factors of 2/(-4)*h - -3?
5
Let h(q) be the third derivative of q**5/60 - q**4/3 + 2*q**3 - 5*q**2. Let a(m) = m**3 - 4*m**2 - 4*m + 3. Let j be a(5). List the prime factors of h(j).
2, 3
Let g = -14 + 20. Suppose g*k + 4 = 2*k. Let s = k + 5. What are the prime factors of s?
2
Let m = -36 + 67. List the prime factors of m.
31
Let q(d) = -d + 11. List the prime factors of q(-8).
19
What are the prime factors of (-2)/(-9) - 9040/(-144)?
3, 7
Let u be (2 - 1 - 3)/2. Let m = -1 - u. Suppose m = 5*i + 17 - 42. List the prime factors of i.
5
Let o = -8 + 14. List the prime factors of (-8 + 5)*(-4)/o.
2
Let g = 18 + 13. List the prime factors of (-2 - -4)/2 + g.
2
Suppose 3*o = 3*n - 109 - 107, -76 = -n + 3*o. List the prime factors of n.
2, 5, 7
Suppose -6*i = -0*i - 258. List the prime factors of i.
43
Let o(g) = -255*g + 1. What are the prime factors of o(-1)?
2
Suppose -4*b - 270 = -9*b. What are the prime factors of b?
2, 3
Suppose -36 + 13 = -3*h - 2*d, 3*h - 35 = -5*d. Suppose -h*t + 155 = -0*t. List the prime factors of t.
31
Let l = -3 - -5. Suppose -4 = l*m, f - m - 4 = -0. What are the prime factors of f/8 - (-15)/4?
2
Let s(c) = 3*c - 2. Let u be s(2). Suppose 9*y - 190 = u*y. What are the prime factors of y?
2, 19
Suppose -2*l - 14 = u, 2*u + 3*l + 24 = l. Let c = 23 + u. List the prime factors of c.
13
Let w = 9 + 4. Suppose -d = -0*d - w. What are the prime factors of d?
13
Let v be (2/4)/((-6)/(-24)). Suppose -t + 4*t - 41 = -5*a, v*a = t - 32. What are the prime factors of t?
2, 11
Let y(n) = n**3 - 3*n**2 + 2*n + 2. Let x be y(2). Let h be -1*(-8)/(0 - -2). Suppose -15 = -3*v - x*v, -h = -l + v. What are the prime factors of l?
7
Let g = -8 - -23. Suppose -a + 6 = 2*r, -2*r = -7*r + 3*a + g. Suppose t = -2*h + 17, 2*t = r*h + h + 10. List the prime factors of t.
11
What are the prime factors of (-36)/(-3) - (4 + -3)?
11
Suppose -o = -22 + 4. List the prime factors of o.
2, 3
Let m(z) be the first derivative of 2 - 5/2*z**2 + 2*z. List the prime factors of m(-2).
2, 3
Suppose -5*a = -3*p + 19, 0*p + 2*a = 5*p - 19. Let b = p - -7. List the prime factors of b.
2, 5
Suppose -w - 4*u - 14 = 0, -3*u - 2*u = -4*w + 28. What are the prime factors of (-3 - (1 - w)) + 7?
5
Suppose -12 = -4*g + 8. Suppose -g*y + 14 = -1. Suppose 0*k - 21 = -y*k. What are the prime factors of k?
7
Suppose 3*p + 5 = -7. What are the prime factors of p*(-5)/(80/12)?
3
Let t = 16 + -10. What are the prime factors of (-4)/t*7*-3?
2, 7
Let g(w) = 4*w. What are the prime factors of g(19)?
2, 19
Let q(b) be the first derivative of -b**4/4 + 5*b**3/3 + 3*b**2/2 - 7*b - 3. What are the prime factors of q(5)?
2
Let k(c) be the first derivative of c**3/3 - 5*c**2/2 - 3*c - 3. List the prime factors of k(6).
3
Let z = -22 - -20. List the prime factors of (-8 - 17)/(z + 1).
5
Suppose 0 = -4*g - 0*z - z + 295, -5*g = 2*z - 368. What are the prime factors of g?
2, 37
Suppose -3*s - 19 = -t, t + s + 4*s + 21 = 0. List the prime factors of 18/4*t/2.
3
Suppose y - 6*y + 10 = 0. Suppose 19 = 5*c - 31. Suppose 5*f + y*z = -0*f + 41, 0 = f + z - c. List the prime factors of f.
7
What are the prime factors of (-411)/(-1) - (0 + 3)*1?
2, 3, 17
Suppose 4*x - 5*q - 2 = -5, -5*q = 2*x - 21. Suppose 8*h - 5 = 3*h, -3*o + x*h = -18. What are the prime factors of o?
7
Let g be 24/16*20/